135.
2
What is the remainder when 238382 is divided by 14198?
11214
What is the remainder when 62133 is divided by 3571?
1426
Calculate the remainder when 25785110 is divided by 171.
20
Calculate the remainder when 2716572 is divided by 10866.
72
What is the remainder when 3100507 is divided by 795?
7
What is the remainder when 2508455 is divided by 805?
75
Calculate the remainder when 18690417 is divided by 52.
5
What is the remainder when 605141 is divided by 201663?
152
What is the remainder when 484255 is divided by 4484?
4467
What is the remainder when 5303326 is divided by 460?
446
What is the remainder when 3043825 is divided by 607?
327
What is the remainder when 156085 is divided by 31174?
215
Calculate the remainder when 13085 is divided by 3145.
505
Calculate the remainder when 9990095 is divided by 16.
15
Calculate the remainder when 32324725 is divided by 30.
25
What is the remainder when 6533747 is divided by 36098?
9
What is the remainder when 1558894 is divided by 519621?
31
What is the remainder when 165059 is divided by 3924?
251
Calculate the remainder when 871739999 is divided by 11.
9
What is the remainder when 3450010 is divided by 5702?
300
What is the remainder when 630925 is divided by 811?
778
Calculate the remainder when 1144612 is divided by 572306.
0
Calculate the remainder when 4926990 is divided by 79.
76
What is the remainder when 34642 is divided by 11317?
691
What is the remainder when 107956 is divided by 1953?
541
What is the remainder when 234665277 is divided by 34?
31
What is the remainder when 1298084 is divided by 129802?
64
Calculate the remainder when 72685 is divided by 4652.
2905
What is the remainder when 10117103 is divided by 281030?
23
Calculate the remainder when 119371508 is divided by 63.
53
Calculate the remainder when 2385959 is divided by 513.
509
Calculate the remainder when 1323066 is divided by 330553.
854
Calculate the remainder when 326236 is divided by 326227.
9
Calculate the remainder when 172866 is divided by 417.
228
What is the remainder when 4911515 is divided by 23?
3
What is the remainder when 806328 is divided by 574?
432
What is the remainder when 3058765 is divided by 2136?
13
Calculate the remainder when 15893 is divided by 5234.
191
What is the remainder when 289243 is divided by 334?
333
What is the remainder when 113065795 is divided by 57?
25
What is the remainder when 87377 is divided by 115?
92
What is the remainder when 760654 is divided by 1249?
13
Calculate the remainder when 75576 is divided by 8289.
975
What is the remainder when 810167 is divided by 269308?
2243
What is the remainder when 28314450 is divided by 826?
822
What is the remainder when 157901660 is divided by 1699?
1697
What is the remainder when 690332999 is divided by 2315?
2314
Calculate the remainder when 109269 is divided by 313.
32
Calculate the remainder when 3375337 is divided by 1420.
1417
What is the remainder when 300304 is divided by 16683?
10
What is the remainder when 251336 is divided by 10?
6
Calculate the remainder when 128637375 is divided by 433.
3
What is the remainder when 1857231 is divided by 154765?
51
What is the remainder when 3657919 is divided by 448?
447
Calculate the remainder when 232359 is divided by 232349.
10
Calculate the remainder when 11285938 is divided by 11285735.
203
Calculate the remainder when 408687 is divided by 91.
6
Calculate the remainder when 931373 is divided by 310454.
11
Calculate the remainder when 262860 is divided by 2179.
1380
Calculate the remainder when 13297 is divided by 333.
310
Calculate the remainder when 48158 is divided by 11704.
1342
Calculate the remainder when 1465884 is divided by 11917.
93
What is the remainder when 3221515 is divided by 3772?
227
Calculate the remainder when 27085549 is divided by 216.
13
What is the remainder when 219864 is divided by 36504?
840
Calculate the remainder when 1471825 is divided by 585.
550
What is the remainder when 8221668 is divided by 4110829?
10
What is the remainder when 15469354 is divided by 53527?
51
Calculate the remainder when 308325288 is divided by 4355.
4353
Calculate the remainder when 2856549 is divided by 1652.
241
Calculate the remainder when 29617522 is divided by 31.
29
What is the remainder when 98744 is divided by 6280?
4544
What is the remainder when 27341595 is divided by 176?
171
Calculate the remainder when 377858 is divided by 997.
992
What is the remainder when 12440952 is divided by 5303?
114
Calculate the remainder when 1986982 is divided by 343.
326
What is the remainder when 2010020 is divided by 962?
402
What is the remainder when 29380167 is divided by 29380156?
11
Calculate the remainder when 3133667 is divided by 3133657.
10
What is the remainder when 14500860 is divided by 7250421?
18
What is the remainder when 128456 is divided by 1160?
856
What is the remainder when 124923 is divided by 706?
667
What is the remainder when 6666792 is divided by 65?
2
What is the remainder when 8553577 is divided by 18316?
5
What is the remainder when 1671196 is divided by 11937?
16
Calculate the remainder when 6612232 is divided by 17968.
8
What is the remainder when 62394409 is divided by 187?
176
What is the remainder when 6429884 is divided by 105?
104
What is the remainder when 148062 is divided by 2900?
162
What is the remainder when 230280 is divided by 76750?
30
Calculate the remainder when 565877 is divided by 8738.
6645
Calculate the remainder when 170100 is divided by 47.
7
Calculate the remainder when 136534 is divided by 4876.
6
Calculate the remainder when 2768926 is divided by 2387.
6
What is the remainder when 2076761 is divided by 202?
201
Calculate the remainder when 694317 is divided by 236.
5
Calculate the remainder when 1188841 is divided by 1234.
499
Calculate the remainder when 6498377 is divided by 1541.
1521
Calculate the remainder when 310579 is divided by 1030.
549
What is the remainder when 9595160 is divided by 2843?
35
What is the remainder when 49437 is divided by 1429?
851
What is the remainder when 2904628 is divided by 6693?
6559
Calculate the remainder when 72210443 is divided by 1130.
53
Calculate the remainder when 148280 is divided by 49137.
869
What is the remainder when 1353252 is divided by 28?
12
What is the remainder when 972565 is divided by 101?
36
Calculate the remainder when 71175176 is divided by 27502.
0
What is the remainder when 5092 is divided by 4166?
926
Calculate the remainder when 2616628 is divided by 44.
36
Calculate the remainder when 121873245 is divided by 288.
285
Calculate the remainder when 39903 is divided by 9626.
1399
What is the remainder when 2529566 is divided by 76?
58
What is the remainder when 3699824 is divided by 598?
596
Calculate the remainder when 928391 is divided by 1535.
1251
Calculate the remainder when 425591 is divided by 160.
151
Calculate the remainder when 135036418 is divided by 1961.
1958
What is the remainder when 189137 is divided by 161?
123
Calculate the remainder when 1513347 is divided by 1121.
1118
What is the remainder when 13452137 is divided by 3?
2
Calculate the remainder when 14931718 is divided by 531.
529
What is the remainder when 7525478 is divided by 1631?
44
What is the remainder when 111965922 is divided by 87?
54
Calculate the remainder when 18643762 is divided by 118.
116
What is the remainder when 210459 is divided by 209051?
1408
Calculate the remainder when 43194 is divided by 18218.
6758
Calculate the remainder when 7611079 is divided by 1541.
80
Calculate the remainder when 710477 is divided by 16519.
160
Calculate the remainder when 574053 is divided by 935.
898
Calculate the remainder when 7580622 is divided by 20323.
143
What is the remainder when 2839555 is divided by 102?
79
What is the remainder when 48907201 is divided by 8618?
51
Calculate the remainder when 7781865 is divided by 111169.
35
Calculate the remainder when 191655 is divided by 95108.
1439
What is the remainder when 70437050 is divided by 2279?
2276
Calculate the remainder when 763312 is divided by 5375.
62
Calculate the remainder when 1750195 is divided by 150.
145
What is the remainder when 45706 is divided by 4934?
1300
Calculate the remainder when 45520 is divided by 43196.
2324
Calculate